 o(i) = i**3 + 18*i**2 + 17*i - 5. Calculate o(-17).
-5
Let w(u) = u**2 - 11*u + 13. Calculate w(5).
-17
Let h(z) = z**3 - 4*z**2 - 6*z + 4. Give h(4).
-20
Let o(d) = d - 14. Give o(9).
-5
Let s(f) = f + 3. Determine s(0).
3
Let u(p) = p - 33. Calculate u(0).
-33
Let u(k) = k**2 + 14*k + 5. What is u(-15)?
20
Let v(h) = 2*h + 5. Calculate v(-4).
-3
Let q(u) = u**2 - 2*u - 82. Give q(-8).
-2
Let a(j) = 2*j**2 + 41*j + 23. Calculate a(-20).
3
Let z(u) = -u**2 - 8*u - 30. Determine z(-4).
-14
Let u(s) = -s**3 - 5*s**2 - 15*s - 82. Calculate u(-5).
-7
Let c(l) = -l**2 + 43*l - 326. What is c(32)?
26
Let o(y) = -4*y - 8. Determine o(-5).
12
Let d(q) = -q**2 - 4*q + 14. Calculate d(-5).
9
Let o(t) = 3*t**2 + 16*t - 14. Determine o(-6).
-2
Let u(c) = -2*c + 1. Determine u(5).
-9
Let g(h) = 3*h - 1. Calculate g(-4).
-13
Let j(a) = 2*a**3 - 29*a**2 - 16*a + 23. Determine j(15).
8
Let l(a) = 2*a**3 + 8*a**2 + 8*a - 10. Determine l(-2).
-10
Let a(g) = -4*g + 14. Calculate a(3).
2
Let p(f) = 7*f - 2. What is p(2)?
12
Let z(k) = 33*k - 27. Calculate z(1).
6
Let o(d) = -d**2 + 2*d - 1. Give o(3).
-4
Let g(k) = -k**3 - 5*k**2 - 42*k - 201. Calculate g(-5).
9
Let p(w) = -2*w**2 - 4*w + 5. What is p(-3)?
-1
Let l(y) = 10*y - 46. Give l(4).
-6
Let f(k) = -25*k - 4. Determine f(1).
-29
Let i(g) = 80*g + 448. Give i(-5).
48
Let n(l) = 66*l - 1316. Calculate n(20).
4
Let c(v) = 9*v - 3. Determine c(4).
33
Let h(l) = 9*l - 4. What is h(6)?
50
Let s(o) = -o**3 + 5*o**2 - 12*o + 10. What is s(6)?
-98
Let d(p) = -15*p - 10. What is d(-3)?
35
Let s(z) = 2*z + 12. What is s(11)?
34
Let k(t) = -t**3 + 3*t**2 + 3*t - 8. What is k(5)?
-43
Let b(p) = -2*p**2 - 32*p - 31. Give b(-15).
-1
Let t(a) = 6*a - 84. Calculate t(12).
-12
Let z(t) = -t - 32. Determine z(-17).
-15
Let n(w) = w**2 - 3*w - 23. Calculate n(5).
-13
Let t(f) = f**3 - 11*f**2 + 5*f + 2. Determine t(10).
-48
Let n(u) = -u**3 - 13*u**2 + 49*u + 6. What is n(-16)?
-10
Let b(k) = -k**3 + 30*k**2 + 140*k - 139. Give b(34).
-3
Let k(n) = -3*n**3 + 11*n**2 - 6*n + 5. What is k(5)?
-125
Let w(k) = -k**2 + 27*k - 57. Determine w(25).
-7
Let q(k) = -k - 13. Give q(-17).
4
Let d(l) = -l**3 + 8*l**2 + l - 8. Give d(8).
0
Let s(w) = w**2 + 15*w + 1. Determine s(-14).
-13
Let r(n) = n**3 - 10*n**2 - 28*n + 15. Determine r(12).
-33
Let a(h) = h**2 + 8*h + 8. What is a(-5)?
-7
Let n(l) = 28*l**3 - l - 1. What is n(-1)?
-28
Let z(v) = -v - 4. Give z(8).
-12
Let a(b) = b**2 + 28*b + 34. Determine a(-28).
34
Let q(c) = -10*c + 9. Determine q(4).
-31
Let z(v) = v**2 + 15*v + 12. Calculate z(-12).
-24
Let k(r) = r**3 - 12*r**2 + 11*r - 6. What is k(11)?
-6
Let h(d) = 4*d - 76. Calculate h(0).
-76
Let a(f) = -15*f - 11. What is a(-1)?
4
Let u(m) = -13*m - 200. Calculate u(-14).
-18
Let f(w) = -15*w - 36. What is f(-4)?
24
Let y(b) = -b**2 - 5*b + 10. Give y(-6).
4
Let i(f) = -f**2 + 7*f + 2. What is i(6)?
8
Let f(h) = h**3 - 7*h**2 - 20*h + 6. What is f(9)?
-12
Let n(l) = 32*l + 1026. Give n(-32).
2
Let m(x) = x**2 - 18*x - 23. What is m(19)?
-4
Let q(a) = -2*a**2 + 19*a - 14. Calculate q(10).
-24
Let b(c) = c**3 + 63*c**2 - 7*c - 432. Calculate b(-63).
9
Let g(w) = -7*w**3 + w**2 + w - 1. Calculate g(1).
-6
Let u(b) = -b - 24. Give u(0).
-24
Let x(l) = 2*l**3 + 4*l**2 - 12*l. Determine x(2).
8
Let i(v) = -v**3 + 23*v**2 - 17*v - 110. What is i(22)?
0
Let z(i) = -2*i**2 + 29*i + 42. Determine z(18).
-84
Let u(o) = -9*o - 182. What is u(-19)?
-11
Let n(p) = -2*p**2 - 79*p - 193. Determine n(-37).
-8
Let i(b) = -b**3 + 14*b**2 - b + 15. Give i(14).
1
Let j(f) = 36*f**3 + f**2 - 1. What is j(1)?
36
Let c(r) = r**3 - 11*r**2 + 8*r + 12. Give c(10).
-8
Let y(x) = -14*x + 16. Give y(-1).
30
Let t(p) = -3*p**3 + 6*p**2 + 5*p - 9. Determine t(1).
-1
Let o(h) = 3*h**2 + 2*h + 2. Determine o(0).
2
Let n(g) = -12*g**2 + 4*g + 4. Give n(-1).
-12
Let h(d) = 4*d - 51. Determine h(13).
1
Let k(c) = -c**3 + 11*c**2 - 9*c - 19. What is k(10)?
-9
Let b(l) = -l**2 + 9*l - 11. What is b(9)?
-11
Let t(u) = 9*u - 93. Determine t(11).
6
Let j(o) = -o - 12. What is j(-5)?
-7
Let i(p) = p + 13. Give i(-20).
-7
Let b(m) = -m**2 + 4*m - 3. Determine b(2).
1
Let u(m) = -m**3 - 4*m**2 + 9*m + 4. Give u(-5).
-16
Let z(l) = -l**2 - 7*l + 2. Determine z(-10).
-28
Let j(u) = -u**2 + 20*u - 84. Calculate j(7).
7
Let q(f) = -f**3 - 4*f**2 + 8*f + 11. What is q(-5)?
-4
Let k(r) = -3*r**2 - r - 2. What is k(-2)?
-12
Let u(q) = 4*q**2 + 20*q + 15. Calculate u(-6).
39
Let u(b) = b**3 + 13*b**2 + 2*b + 27. Calculate u(-13).
1
Let a(n) = 2*n - 7. Determine a(2).
-3
Let t(a) = -16*a - 2. What is t(3)?
-50
Let h(o) = -15*o - 536. Determine h(-36).
4
Let y(d) = -3*d + 17. Determine y(6).
-1
Let r(m) = m**3 - 6*m**2 - 5*m - 9. Determine r(7).
5
Let m(l) = 4*l + 141. Give m(-36).
-3
Let o(m) = -19*m + 493. What is o(26)?
-1
Let u(b) = -b**3 + 2*b**2 + 4*b - 3. Determine u(0).
-3
Let d(w) = -7*w - 38. What is d(-8)?
18
Let o(q) = q**2 - q - 17. Give o(-4).
3
Let j(m) = -2*m**2 + 10*m + 15. What is j(7)?
-13
Let h(u) = -20*u**2 + 162*u - 21. Calculate h(8).
-5
Let v(z) = -128*z + 644. Give v(5).
4
Let w(z) = 12*z - 577. What is w(47)?
-13
Let g(a) = -a**2 + 2*a + 1. Determine g(2).
1
Let a(t) = t - 5. Determine a(0).
-5
Let m(l) = -3*l**2. What is m(6)?
-108
Let h(m) = m**3 - 4*m**2 - m - 4. Give h(3).
-16
Let p(x) = x**3 + 10*x**2 + 19*x + 8. What is p(-8)?
-16
Let m(f) = -f**3 + 13*f**2 + 4. Calculate m(13).
4
Let h(z) = -2*z + 9. Give h(8).
-7
Let a(h) = 4*h**2 - 49*h + 156. Calculate a(6).
6
Let t(l) = l**3 + 9*l**2 + 2*l - 40. What is t(-6)?
56
Let t(l) = -4*l**2 + 3*l - 1. Calculate t(3).
-28
Let p(d) = -d**3 - 7*d**2 - 3*d + 3. Calculate p(-4).
-33
Let k(f) = f**3 + 3*f + 4. Give k(3).
40
Let t(a) = -a - 10. Give t(-15).
5
Let q(a) = a**2 + a - 3. What is q(4)?
17
Let m(x) = 2*x**3 - 4*x**2 + 15*x - 28. What is m(2)?
2
Let t(u) = u**3 - 12*u**2 + 21*u - 12. What is t(10)?
-2
Let l(i) = -2*i**2 + i + 2. Determine l(3).
-13
Let x(f) = -8*f**3 - 3*f**2 + 17*f - 13. Calculate x(1).
-7
Let v(k) = -k**3 - 17*k**2 + k + 18. What is v(-17)?
1
Let w(r) = -2*r**2 - 9*r + 10. What is w(1)?
-1
Let t(n) = -6*n - 49. Determine t(-8).
-1
Let j(s) = -4*s + 51. What is j(6)?
27
Let w(s) = s - 22. Calculate w(7).
-15
Let y(h) = -34*h + 7. Determine y(0).
7
Let g(r) = 3*r**2 - 8*r - 10. Determine g(5).
25
Let u(s) = -16*s - 186. What is u(-11)?
-10
Let l(o) = -o**3 + 6*o + 7. What is l(-2)?
3
Let t(q) = 3*q + 135. Calculate t(-35).
30
Let b(t) = -2*t**2 - 5*t + 18. Calculate b(-5).
-7
Let m(o) = 6*o - 176. Calculate m(33).
22
Let s(t) = -5*t**2 - 6*t - 6. What is s(-4)?
-62
Let z(h) = h**2 + 8*h - 3. Determine z(-10).
17
Let m(x) = -2*x - 75. Calculate m(-34).
-7
Let g(v) = -v**3 - 4*v**2 - 2*v + 1. What is g(-2)?
-3
Let s(o) = -o**3 + 14*o**2 - 11*o - 19. Calculate s(13).
7
Let x(c) = -c**3 - 17*c**2 - 14*c - 12. Calculate x(-16).
-44
Let r(k) = 14*k - 142. Determine r(8).
-30
Let a(j) = -j**3 + 9*j**2 + 4*j + 17. Give a(9).
53
Let s(q) = q**3 - 25*q**2 - 56*q + 66. What is s(27)?
12
Let j(i) = -i**3 - 31*i**2 - 28*i + 61. What is j(-30)?
1
Let s(u) = -u**2 - 4*u + 15. Determine s(-9).
-30
Let m(i) = -2*i - 11. Determine m(-6).
1
Let i(g) = 3*g**3 - 11*g**2 + 15*g - 5. Calculate i(2).
5
Let f(v) = v**2 + 14*v - 40. Calculate f(-16).
-8
Let d(l) = 3*l + 3. What is d(-3)?
-6
Let i(x) = x**2 - 5*x - 7. What is i(6)?
-1
Let w(j) = -21*j + 3. What is w(2)?
-39
Let r(k) = -k + 18. Determine r(0).
18
Let o(c) = -10*c + 5. What is o(2)?
-15
Let m(z) = z**2 + 3*z - 3. Determine m(-9).
51
Let h(s) = -4*s + 5. Give h(2).
-3
Let w(b) = 5*b + 15. Give w(0).
15
Let g(a) = -8*a + 140. What is g(35)?
-140
Let d(h) = -13*h - 7. Calculate d(4).
-59
Let q(t) = -t**3 - 13*t**2 - 10*t + 16. What is q(-12)?
-8
Let t(x) = -4*x - 43. Calculate t(-11).
1
Let u(x) = x - 1. What is u(9)?
8
Let f(l) = -6*l**2 - 49*l - 1. Determine f(-8).
7
Let d(b) = -2*b**2 + 124*b + 2. What is d(62)?
2
Let m(z) = z**3 + 8*z**2 + 8*z + 15. Determine m(-7).
8
Let m(h) = -2*h**2 + 60*h - 11. Calculate m(30).
-11
Let u(x) = 3*x**3 + 22*x**2 - 6*x - 8. Calculate u(-7).
83
Let q(g) = -g**3 + 10*g**2 - 25*g + 5. Determine q(6).
-1
Let p(g) = -g**3 + 21*g**2 + 57*g - 250. Give p(23).
3
Let m(x) = 5*x + 1. Calculate m(-3).
-14
Let z(